2825261
List the prime factors of 73828090.
2, 5, 7, 181, 5827
List the prime factors of 990035798.
2, 495017899
List the prime factors of 155762873.
7, 67, 332117
List the prime factors of 156372117.
3, 11, 4738549
List the prime factors of 87344747.
7, 12477821
What are the prime factors of 51389358?
2, 3, 109, 78577
List the prime factors of 201824097.
3, 67274699
What are the prime factors of 36191863?
1279, 28297
What are the prime factors of 4244413428?
2, 3, 61, 239, 8087
List the prime factors of 7636433542.
2, 71, 53777701
List the prime factors of 35750562.
2, 3, 29, 205463
List the prime factors of 2986654417.
2986654417
List the prime factors of 10906371.
3, 7, 3533
What are the prime factors of 1110753924?
2, 3, 7, 349, 37889
List the prime factors of 7355048656.
2, 19, 1273381
What are the prime factors of 84555759?
3, 43, 655471
List the prime factors of 187427200.
2, 5, 37, 1583
What are the prime factors of 5330492505?
3, 5, 13, 37, 383, 643
What are the prime factors of 308546252?
2, 7, 11019509
List the prime factors of 235565459.
41, 109, 52711
What are the prime factors of 149596579?
11, 13599689
What are the prime factors of 79648740?
2, 3, 5, 17, 26029
What are the prime factors of 9851414?
2, 4925707
What are the prime factors of 1438724189?
7, 205532027
List the prime factors of 164398173.
3, 54799391
List the prime factors of 89754984.
2, 3, 11, 113327
What are the prime factors of 87900329?
11, 61, 11909
List the prime factors of 27975130.
2, 5, 23, 121631
What are the prime factors of 194839901?
12911, 15091
What are the prime factors of 1645530892?
2, 97, 4241059
What are the prime factors of 177325862?
2, 7, 12666133
List the prime factors of 211517826.
2, 3, 13, 37, 73291
List the prime factors of 5279133886.
2, 13, 4943, 41077
List the prime factors of 101346739.
13, 1889, 4127
List the prime factors of 105783098.
2, 31, 1706179
What are the prime factors of 34591614?
2, 3, 5765269
List the prime factors of 698874717.
3, 2351, 99089
What are the prime factors of 43236996?
2, 3, 11, 327553
What are the prime factors of 610328385?
3, 5, 769, 5879
What are the prime factors of 46415315?
5, 113, 727
What are the prime factors of 1617602887?
17, 95153111
What are the prime factors of 16292094?
2, 3, 7, 13, 53, 563
What are the prime factors of 2175025371?
3, 223, 3251159
List the prime factors of 442057734.
2, 3, 24558763
List the prime factors of 2131470163.
47, 251, 180679
What are the prime factors of 2167252983?
3, 7, 11466947
What are the prime factors of 220303056?
2, 3, 149, 30803
List the prime factors of 86866072.
2, 151, 71909
What are the prime factors of 1828869716?
2, 8599, 53171
List the prime factors of 908840893.
17, 163, 327983
What are the prime factors of 2928072433?
11, 13, 367, 55793
List the prime factors of 133075142.
2, 29, 47, 48817
List the prime factors of 4738791990.
2, 3, 5, 17, 9291749
What are the prime factors of 675961956?
2, 3, 17, 368171
What are the prime factors of 14619597?
3, 4873199
What are the prime factors of 273292569?
3, 11, 157, 5861
List the prime factors of 722313592.
2, 7, 11, 13, 90199
List the prime factors of 2199503300.
2, 5, 21995033
What are the prime factors of 518725212?
2, 3, 61, 708641
What are the prime factors of 1986687493?
7, 283812499
List the prime factors of 98611519.
41, 547, 4397
What are the prime factors of 1796926030?
2, 5, 179692603
List the prime factors of 885354339.
3, 17, 17359889
List the prime factors of 613513416.
2, 3, 25563059
What are the prime factors of 2774829341?
2774829341
What are the prime factors of 8721195?
3, 5, 7, 83059
What are the prime factors of 15518720?
2, 5, 7, 433
What are the prime factors of 2655166293?
3, 13, 73, 293, 1061
List the prime factors of 6374052108.
2, 3, 691, 85411
What are the prime factors of 4389482444?
2, 1097370611
List the prime factors of 34244413.
7, 53, 241, 383
List the prime factors of 36101126.
2, 18050563
What are the prime factors of 178237551?
3, 3761, 15797
List the prime factors of 431569573.
431569573
What are the prime factors of 661665005?
5, 132333001
List the prime factors of 771927617.
771927617
List the prime factors of 26140728.
2, 3, 1089197
What are the prime factors of 139911396?
2, 3, 11659283
List the prime factors of 119646105.
3, 5, 97, 82231
What are the prime factors of 79989372?
2, 3, 179, 12413
What are the prime factors of 2419249?
7, 345607
List the prime factors of 606226282.
2, 3541, 85601
List the prime factors of 43471330.
2, 5, 7, 79, 1123
List the prime factors of 7855376085.
3, 5, 127, 458173
What are the prime factors of 383898404?
2, 29, 3309469
List the prime factors of 820733330.
2, 5, 82073333
List the prime factors of 160691629.
7, 37, 61, 1453
What are the prime factors of 133979919?
3, 53, 113, 7457
What are the prime factors of 134083843?
109, 1230127
What are the prime factors of 963980073?
3, 7, 2063, 7417
List the prime factors of 313555457.
7649, 40993
What are the prime factors of 1095857417?
17, 653, 98717
What are the prime factors of 29951287?
29, 1032803
List the prime factors of 2320093829.
2320093829
What are the prime factors of 462353284?
2, 17, 6799313
List the prime factors of 1901719640.
2, 5, 47, 1011553
What are the prime factors of 358978678?
2, 179489339
What are the prime factors of 34778318?
2, 1697, 10247
List the prime factors of 764289924.
2, 3, 79, 806213
List the prime factors of 9207760.
2, 5, 179, 643
What are the prime factors of 7419677?
7419677
What are the prime factors of 320589243?
3, 13, 83, 33013
List the prime factors of 69621468.
2, 3, 7, 643, 1289
What are the prime factors of 1406533936?
2, 83, 1059137
List the prime factors of 244401809.
17, 43, 71, 277
List the prime factors of 30186478.
2, 7, 19, 283, 401
What are the prime factors of 7549621?
7549621
List the prime factors of 68369326.
2, 379, 90197
What are the prime factors of 1019706199?
37, 2617, 10531
What are the prime factors of 4112773045?
5, 822554609
List the prime factors of 32094941.
109, 523, 563
What are the prime factors of 278003313?
3, 7, 210131
What are the prime factors of 704182654?
2, 7, 50298761
List the prime factors of 3557071984.
2, 6359, 34961
What are the prime factors of 1822768776?
2, 3, 2389, 10597
List the prime factors of 1857083182.
2, 3301, 281291
List the prime factors of 170983429.
170983429
List the prime factors of 115374313.
10079, 11447
What are the prime factors of 4886845472?
2, 8731, 17491
What are the prime factors of 1300484784?
2, 3, 27093433
What are the prime factors of 103329754?
2, 11, 23, 53, 3853
List the prime factors of 7618573407.
3, 271, 983, 9533
List the prime factors of 1234366952.
2, 7, 13, 1695559
What are the prime factors of 64859275?
5, 13, 199567
List the prime factors of 4487440.
2, 5, 56093
List the prime factors of 82354524.
2, 3, 7, 67, 14633
What are the prime factors of 1372165006?
2, 59, 11628517
List the prime factors of 993563715.
3, 5, 401, 165181
List the prime factors of 67674661.
29, 2333609
List the prime factors of 1338069116.
2, 17, 19677487
What are the prime factors of 37540772?
2, 1031, 9103
What are the prime factors of 815544364?
2, 43, 409, 11593
What are the prime factors of 2007759899?
2879, 697381
List the prime factors of 133086431.
19, 193, 36293
List the prime factors of 279384374.
2, 137, 263, 3877
What are the prime factors of 79077004?
2, 19769251
What are the prime factors of 667162629?
3, 7, 3529961
What are the prime factors of 66050457?
3, 11, 17, 23, 5119
List the prime factors of 74876283.
3, 19, 157, 2789
List the prime factors of 186511093.
29, 221773
What are the prime factors of 2364926296?
2, 295615787
List the prime factors of 7064106.
2, 3, 7, 168193
List the prime factors of 78276713.
19, 29, 7477
List the prime factors of 1758164617.
11, 2207, 72421
List the prime factors of 2452599053.
2452599053
What are the prime factors of 1507332972?
2, 3, 3727, 33703
List the prime factors of 5573126.
2, 13, 214351
What are the prime factors of 1679295403?
1679295403
List the prime factors of 469581502.
2, 13, 1193, 15139
List the prime factors of 74898553.
59, 1269467
What are the prime factors of 77329657?
23, 3362159
List the prime factors of 3571858